{"id":21,"date":"2025-02-28T09:26:20","date_gmt":"2025-02-28T09:26:20","guid":{"rendered":"https:\/\/www.fadautokorjaamo.fi\/?page_id=21"},"modified":"2025-03-10T16:41:14","modified_gmt":"2025-03-10T16:41:14","slug":"services","status":"publish","type":"page","link":"https:\/\/www.fadautokorjaamo.fi\/index.php\/services\/","title":{"rendered":"PALVELUT"},"content":{"rendered":"\n<h2 class=\"wp-block-heading\"><strong>Ty\u00f6t suoritamme edullisesti laatuvaraosilla ja v\u00e4hint\u00e4\u00e4n 12 kk takuulla.<\/strong><\/h2>\n\n\n\n<p><strong>Palveluumme kuuluu my\u00f6s mm.:<\/strong><\/p>\n\n\n\n<p>\u2013 vikojen diagnosointi<\/p>\n\n\n\n<p>\u2013 s\u00e4hk\u00f6ty\u00f6t<\/p>\n\n\n\n<p>\u2013 jakop\u00e4\u00e4n osien vaihdot, merkkikohtaisin suosituksin<\/p>\n\n\n\n<p>\u2013 m\u00e4\u00e4r\u00e4aikais- ja vuosihuollot<\/p>\n\n\n\n<p>\u2013 moottorin ja vaihteiston \u00f6ljynvaihdot<\/p>\n\n\n\n<p>\u2013 mm. jarrujen, kytkimien, py\u00f6r\u00e4nlaakereiden, iskunvaimentimien, jousien korjaukset ja vaihdot<\/p>\n\n\n\n<p>\u2013 moottorien korjaukset ja vaihdot, vaihteistojen vaihdot<\/p>\n\n\n\n<p>\u2013 laturien ja k\u00e4ynnistysmoottoreiden vaihdot<\/p>\n\n\n\n<p>\u2013 ruostevauriokorjaukset<\/p>\n\n\n\n<p>\u2013 katsastustarkastukset ja katsastukseen vienti<\/p>\n\n\n\n<p><mark style=\"background-color:rgba(0, 0, 0, 0)\" class=\"has-inline-color has-primary-color\"><strong>Tuntiveloitus on 85 \u20ac sis.alv.<\/strong><\/mark><\/p>\n\n\n\n<p>Hitsausty\u00f6t 95\u20ac\/tuntti<\/p>\n\n\n\n<p>Korjaukset\/huollot asiakaan omilla varaosilla tunttiveloitus 140\u20ac\/tuntti.<\/p>\n","protected":false},"excerpt":{"rendered":"<p>Ty\u00f6t suoritamme edullisesti laatuvaraosilla ja v\u00e4hint\u00e4\u00e4n 12 kk takuulla. Palveluumme kuuluu my\u00f6s mm.: \u2013 vikojen diagnosointi \u2013 s\u00e4hk\u00f6ty\u00f6t \u2013 jakop\u00e4\u00e4n osien vaihdot, merkkikohtaisin suosituksin \u2013 m\u00e4\u00e4r\u00e4aikais- ja vuosihuollot \u2013 moottorin ja vaihteiston \u00f6ljynvaihdot \u2013 mm. jarrujen, kytkimien, py\u00f6r\u00e4nlaakereiden, iskunvaimentimien, jousien korjaukset ja vaihdot \u2013 moottorien korjaukset ja vaihdot, vaihteistojen vaihdot \u2013 laturien ja k\u00e4ynnistysmoottoreiden vaihdot [&hellip;]<\/p>\n","protected":false},"author":1,"featured_media":0,"parent":0,"menu_order":0,"comment_status":"closed","ping_status":"closed","template":"","meta":{"footnotes":""},"class_list":["post-21","page","type-page","status-publish","hentry"],"_links":{"self":[{"href":"https:\/\/www.fadautokorjaamo.fi\/index.php\/wp-json\/wp\/v2\/pages\/21","targetHints":{"allow":["GET"]}}],"collection":[{"href":"https:\/\/www.fadautokorjaamo.fi\/index.php\/wp-json\/wp\/v2\/pages"}],"about":[{"href":"https:\/\/www.fadautokorjaamo.fi\/index.php\/wp-json\/wp\/v2\/types\/page"}],"author":[{"embeddable":true,"href":"https:\/\/www.fadautokorjaamo.fi\/index.php\/wp-json\/wp\/v2\/users\/1"}],"replies":[{"embeddable":true,"href":"https:\/\/www.fadautokorjaamo.fi\/index.php\/wp-json\/wp\/v2\/comments?post=21"}],"version-history":[{"count":3,"href":"https:\/\/www.fadautokorjaamo.fi\/index.php\/wp-json\/wp\/v2\/pages\/21\/revisions"}],"predecessor-version":[{"id":77,"href":"https:\/\/www.fadautokorjaamo.fi\/index.php\/wp-json\/wp\/v2\/pages\/21\/revisions\/77"}],"wp:attachment":[{"href":"https:\/\/www.fadautokorjaamo.fi\/index.php\/wp-json\/wp\/v2\/media?parent=21"}],"curies":[{"name":"wp","href":"https:\/\/api.w.org\/{rel}","templated":true}]}}